{"id":1485,"date":"2020-01-19T04:41:44","date_gmt":"2020-01-19T03:41:44","guid":{"rendered":"http:\/\/junesensei.fr\/?page_id=1485"},"modified":"2020-01-27T02:27:50","modified_gmt":"2020-01-27T01:27:50","slug":"mentions-legales","status":"publish","type":"page","link":"https:\/\/junesensei.fr\/?page_id=1485","title":{"rendered":"Mentions L\u00e9gales"},"content":{"rendered":"\n<p>JuneSensei.com \/ JuneSensei est un site personnel a but non lucratif \u00e9dit\u00e9 par une \u00e9quipe d&#8217;amateurs passionn\u00e9s et non r\u00e9mun\u00e9r\u00e9e.<br>Toute oeuvre ou document pr\u00e9sent\u00e9 sur ce site appartient aux auteurs\/\u00e9diteurs\/distributeurs respectifs. <br><br>Ainsi, toute demande officielle de la part des ayants droits peuvent \u00eatre adress\u00e9e a l&#8217;\u00e9quipe du site pour d&#8217;\u00e9ventuelles modifications et\/ou suppressions de l&#8217;int\u00e9gralit\u00e9(s) de(s) l&#8217;article(s) en question.  <br>Pour ce faire, vous pouvez nous contacter par email a contact@junesensei.fr .<br><br>Le site est h\u00e9berg\u00e9 sur les serveurs de <a href=\"http:\/\/o2switch.fr\">O2Switch.fr<\/a>, <br>h\u00e9bergeur situ\u00e9 a Clermont Ferrand <br>(Marque D\u00e9pos\u00e9 INPI: 09 3 645 279 \/ Siret: 510 909 80700024 &#8211; RCS)<br>Tel: 04 44 44 60 40<br><br>L&#8217;administrateur et propri\u00e9taire est FleuredeCerisier, l&#8217;\u00e9diteur est Bastien.J pour plus d&#8217;information, veuillez nous contacter par email.<br><br><br><\/p>\n","protected":false},"excerpt":{"rendered":"<p>JuneSensei.com \/ JuneSensei est un site personnel a but non lucratif \u00e9dit\u00e9 par une \u00e9quipe d&#8217;amateurs passionn\u00e9s et non r\u00e9mun\u00e9r\u00e9e.Toute oeuvre ou document pr\u00e9sent\u00e9 sur ce site appartient aux auteurs\/\u00e9diteurs\/distributeurs respectifs. Ainsi, toute demande officielle de la part des ayants droits peuvent \u00eatre adress\u00e9e a l&#8217;\u00e9quipe du site pour d&#8217;\u00e9ventuelles modifications et\/ou suppressions de l&#8217;int\u00e9gralit\u00e9(s) [&hellip;]<\/p>\n","protected":false},"author":6,"featured_media":0,"parent":0,"menu_order":0,"comment_status":"closed","ping_status":"closed","template":"","meta":{"footnotes":""},"_links":{"self":[{"href":"https:\/\/junesensei.fr\/index.php?rest_route=\/wp\/v2\/pages\/1485"}],"collection":[{"href":"https:\/\/junesensei.fr\/index.php?rest_route=\/wp\/v2\/pages"}],"about":[{"href":"https:\/\/junesensei.fr\/index.php?rest_route=\/wp\/v2\/types\/page"}],"author":[{"embeddable":true,"href":"https:\/\/junesensei.fr\/index.php?rest_route=\/wp\/v2\/users\/6"}],"replies":[{"embeddable":true,"href":"https:\/\/junesensei.fr\/index.php?rest_route=%2Fwp%2Fv2%2Fcomments&post=1485"}],"version-history":[{"count":6,"href":"https:\/\/junesensei.fr\/index.php?rest_route=\/wp\/v2\/pages\/1485\/revisions"}],"predecessor-version":[{"id":18017,"href":"https:\/\/junesensei.fr\/index.php?rest_route=\/wp\/v2\/pages\/1485\/revisions\/18017"}],"wp:attachment":[{"href":"https:\/\/junesensei.fr\/index.php?rest_route=%2Fwp%2Fv2%2Fmedia&parent=1485"}],"curies":[{"name":"wp","href":"https:\/\/api.w.org\/{rel}","templated":true}]}}